6188.
2, 7, 13, 17
List the prime factors of 16821.
3, 7, 89
List the prime factors of 72608.
2, 2269
What are the prime factors of 15701?
7, 2243
What are the prime factors of 13353?
3, 4451
What are the prime factors of 14593?
14593
What are the prime factors of 3881?
3881
What are the prime factors of 390?
2, 3, 5, 13
What are the prime factors of 65118?
2, 3, 10853
List the prime factors of 4241.
4241
What are the prime factors of 16171?
103, 157
List the prime factors of 569.
569
List the prime factors of 46634.
2, 7, 3331
List the prime factors of 6220.
2, 5, 311
List the prime factors of 165259.
59, 2801
What are the prime factors of 32346?
2, 3, 599
List the prime factors of 465.
3, 5, 31
List the prime factors of 3134.
2, 1567
List the prime factors of 4286.
2, 2143
List the prime factors of 4885.
5, 977
List the prime factors of 14701.
61, 241
What are the prime factors of 1131?
3, 13, 29
What are the prime factors of 5548?
2, 19, 73
What are the prime factors of 1130?
2, 5, 113
List the prime factors of 1946.
2, 7, 139
List the prime factors of 5706.
2, 3, 317
List the prime factors of 601.
601
What are the prime factors of 157?
157
List the prime factors of 9091.
9091
What are the prime factors of 41639?
13, 3203
List the prime factors of 3812.
2, 953
What are the prime factors of 4500?
2, 3, 5
What are the prime factors of 1958?
2, 11, 89
What are the prime factors of 3370?
2, 5, 337
What are the prime factors of 381?
3, 127
What are the prime factors of 73354?
2, 36677
What are the prime factors of 4620?
2, 3, 5, 7, 11
What are the prime factors of 44985?
3, 5, 2999
List the prime factors of 1175.
5, 47
List the prime factors of 8637.
3, 2879
List the prime factors of 6161.
61, 101
List the prime factors of 3359.
3359
List the prime factors of 41436.
2, 3, 1151
List the prime factors of 2305.
5, 461
List the prime factors of 7302.
2, 3, 1217
List the prime factors of 32486.
2, 37, 439
What are the prime factors of 15275?
5, 13, 47
List the prime factors of 2658.
2, 3, 443
List the prime factors of 5277.
3, 1759
List the prime factors of 18675.
3, 5, 83
List the prime factors of 227.
227
List the prime factors of 7195.
5, 1439
List the prime factors of 1998.
2, 3, 37
What are the prime factors of 6865?
5, 1373
What are the prime factors of 8560?
2, 5, 107
List the prime factors of 598.
2, 13, 23
List the prime factors of 7977.
3, 2659
List the prime factors of 32021.
11, 41, 71
What are the prime factors of 2895?
3, 5, 193
List the prime factors of 740.
2, 5, 37
What are the prime factors of 1618?
2, 809
What are the prime factors of 7875?
3, 5, 7
What are the prime factors of 28356?
2, 3, 17, 139
What are the prime factors of 334?
2, 167
What are the prime factors of 1912?
2, 239
What are the prime factors of 165548?
2, 41387
What are the prime factors of 46130?
2, 5, 7, 659
List the prime factors of 4606.
2, 7, 47
What are the prime factors of 7009?
43, 163
List the prime factors of 1231.
1231
List the prime factors of 4273.
4273
What are the prime factors of 5286?
2, 3, 881
List the prime factors of 148801.
17, 8753
What are the prime factors of 24668?
2, 7, 881
What are the prime factors of 25425?
3, 5, 113
List the prime factors of 186.
2, 3, 31
What are the prime factors of 1848?
2, 3, 7, 11
List the prime factors of 17060.
2, 5, 853
List the prime factors of 28677.
3, 11, 79
What are the prime factors of 746?
2, 373
List the prime factors of 849.
3, 283
What are the prime factors of 22422?
2, 3, 37, 101
What are the prime factors of 5984?
2, 11, 17
List the prime factors of 736.
2, 23
List the prime factors of 35788.
2, 23, 389
What are the prime factors of 6279?
3, 7, 13, 23
List the prime factors of 9134.
2, 4567
What are the prime factors of 2214?
2, 3, 41
List the prime factors of 22448.
2, 23, 61
What are the prime factors of 13782?
2, 3, 2297
List the prime factors of 107861.
13, 8297
What are the prime factors of 5329?
73
What are the prime factors of 22049?
17, 1297
List the prime factors of 14213.
61, 233
List the prime factors of 42038.
2, 21019
What are the prime factors of 34872?
2, 3, 1453
List the prime factors of 1001.
7, 11, 13
List the prime factors of 61.
61
List the prime factors of 5157.
3, 191
List the prime factors of 2515.
5, 503
List the prime factors of 1803.
3, 601
List the prime factors of 9530.
2, 5, 953
What are the prime factors of 15533?
7, 317
List the prime factors of 43398.
2, 3, 2411
What are the prime factors of 88298?
2, 7, 17, 53
List the prime factors of 1667.
1667
List the prime factors of 25267.
11, 2297
List the prime factors of 4010.
2, 5, 401
List the prime factors of 1473.
3, 491
List the prime factors of 7602.
2, 3, 7, 181
List the prime factors of 9163.
7, 11, 17
What are the prime factors of 49023?
3, 13, 419
What are the prime factors of 3122?
2, 7, 223
What are the prime factors of 680?
2, 5, 17
What are the prime factors of 3071?
37, 83
List the prime factors of 2009.
7, 41
What are the prime factors of 2086?
2, 7, 149
What are the prime factors of 139830?
2, 3, 5, 59, 79
List the prime factors of 2133.
3, 79
List the prime factors of 913.
11, 83
What are the prime factors of 109477?
83, 1319
List the prime factors of 41259.
3, 17, 809
List the prime factors of 1243.
11, 113
List the prime factors of 745.
5, 149
What are the prime factors of 5949?
3, 661
What are the prime factors of 5028?
2, 3, 419
List the prime factors of 57613.
17, 3389
What are the prime factors of 91385?
5, 7, 373
List the prime factors of 2635.
5, 17, 31
What are the prime factors of 5914?
2, 2957
What are the prime factors of 6405?
3, 5, 7, 61
List the prime factors of 57522.
2, 3, 9587
List the prime factors of 37264.
2, 17, 137
What are the prime factors of 151777?
23, 6599
What are the prime factors of 11661?
3, 13, 23
List the prime factors of 109052.
2, 137, 199
List the prime factors of 34428.
2, 3, 19, 151
List the prime factors of 1163.
1163
What are the prime factors of 16107?
3, 7, 13, 59
List the prime factors of 744.
2, 3, 31
List the prime factors of 1582.
2, 7, 113
What are the prime factors of 2158?
2, 13, 83
List the prime factors of 2269.
2269
List the prime factors of 896.
2, 7
List the prime factors of 19691.
7, 29, 97
List the prime factors of 4396.
2, 7, 157
What are the prime factors of 121023?
3, 7, 17, 113
List the prime factors of 737.
11, 67
What are the prime factors of 7531?
17, 443
List the prime factors of 80741.
263, 307
List the prime factors of 520.
2, 5, 13
List the prime factors of 203.
7, 29
List the prime factors of 68216.
2, 8527
List the prime factors of 19961.
19961
List the prime factors of 2480.
2, 5, 31
What are the prime factors of 13654?
2, 6827
What are the prime factors of 45383?
13, 3491
List the prime factors of 6470.
2, 5, 647
List the prime factors of 1700.
2, 5, 17
What are the prime factors of 56467?
56467
List the prime factors of 43.
43
What are the prime factors of 536?
2, 67
List the prime factors of 47914.
2, 23957
What are the prime factors of 35708?
2, 79, 113
What are the prime factors of 19558?
2, 7, 11, 127
What are the prime factors of 109104?
2, 3, 2273
List the prime factors of 1618.
2, 809
List the prime factors of 35103.
3, 11701
What are the prime factors of 3543?
3, 1181
List the prime factors of 73232.
2, 23, 199
List the prime factors of 307.
307
What are the prime factors of 1630?
2, 5, 163
List the prime factors of 277.
277
List the prime factors of 7427.
7, 1061
List the prime factors of 60300.
2, 3, 5, 67
List the prime factors of 5851.
5851
What are the prime factors of 7770?
2, 3, 5, 7, 37
What are the prime factors of 4309?
31, 139
List the prime factors of 30679.
11, 2789
List the prime factors of 4487.
7, 641
List the prime factors of 1813.
7, 37
What are the prime factors of 10539?
3, 1171
List the prime factors of 1111.
11, 101
List the prime factors of 4690.
2, 5, 7, 67
What are the prime factors of 20983?
20983
What are the prime factors of 2539?
2539
List the prime factors of 3318.
2, 3, 7, 79
What are the prime factors of 14798?
2, 7, 151
List the prime factors of 18781.
7, 2683
List the prime factors of 58342.
2, 31, 941
What are the prime factors of 4488?
2, 3, 11, 17
What are the prime factors of 18055?
5,